 f*a(d) - 6*b(d). Calculate j(3).
2
Let p(l) = -2*l**2 - 15*l + 3. Let h(z) = 3*z**2 + 22*z - 5. Let m(a) = 5*h(a) + 7*p(a). Let i = -12 - -7. Determine m(i).
-4
Let x(y) = 3. Let t(a) = -2. Let r(n) = 4*t(n) + 3*x(n). Let h(m) = -m**2 + 5*m + 5. Let g(b) = -h(b) + 2*r(b). Give g(5).
-3
Suppose 31 - 11 = -5*r. Let f be 0/(r*1 + 2). Let c(v) = v + 8. Determine c(f).
8
Let z(a) = 11*a - 16. Let k(f) = -6*f + 7. Let t(o) = 9*k(o) + 4*z(o). Determine t(1).
-11
Let j(k) = -3*k - 18. Let v be j(-5). Let z(o) = o - 1. Calculate z(v).
-4
Let a(l) be the third derivative of l**5/30 - l**4/24 - l**3/3 + 4*l**2. What is a(2)?
4
Let t = 4 + 2. Let m(u) be the second derivative of -u**4/12 + 5*u**3/6 - u**2 - 8*u. What is m(t)?
-8
Let r(s) = -s**3 + 5*s**2 + 7*s - 7. Suppose 104*k - 97*k = 42. Calculate r(k).
-1
Let o(s) be the second derivative of -s**4/12 + 7*s**3/6 + s**2 - s. Let v be o(7). Let z(h) = -5*h**v + 3*h**3 + 1 + 5*h**2. Determine z(1).
4
Let q be -1*(-8)/3*18/12. Let a(m) = m**3 - 5*m**2 - m + 5. Determine a(q).
-15
Let g(l) = -l + 13. Let i(j) = -9*j**3 + 2*j**2 + j. Let q be i(-1). Let a be g(q). Let f(u) = -2 - u - 2 + 2. Determine f(a).
-5
Let a(m) be the first derivative of m**2 + m - 1. Let b be 3/15 - 28/(-35). Give a(b).
3
Let r(k) = -1 + 14*k - 25*k + 10*k. What is r(6)?
-7
Let i(p) be the first derivative of p**3/3 + 3*p**2/2 - 6*p - 1. Let c(r) = r. Suppose -2*t - 1 - 9 = 0. Let m be c(t). Calculate i(m).
4
Suppose 3*y = -3*b + 18, -y - 3*y + 17 = -3*b. Let p(j) = -4*j - 1. Give p(b).
-5
Let y(w) = -5*w**2 - w**3 + 2*w**3 + 5*w + 54 - 53. Let v = -3 + 7. Determine y(v).
5
Let u(k) = k**2 - 5*k. Let d = 20 - 14. Determine u(d).
6
Let h(m) = -m**2 + m - 1. Suppose -5*a + 2*s = 6*s - 13, -4*a - 4*s = -12. What is h(a)?
-1
Let z(g) = g**2 + 3*g. Let j = 11 - 11. Suppose 0 - 8 = o + y, -o + y = j. Calculate z(o).
4
Let c(o) = -2*o - 6. Let u be c(-6). Let h(q) be the first derivative of q**2/2 - 5*q - 23. Determine h(u).
1
Let f(x) = x**2 - 6*x + 6. Let v(l) = -3*l + 3. Let z = -1 + -1. Let r(o) = z*f(o) + 5*v(o). Suppose -1 = 2*t + 5. Calculate r(t).
-6
Let x(u) = 13*u - 3 - 2*u - 2*u - 10*u. What is x(-5)?
2
Let s = -1 + 0. Let z(l) = -l. Let k(b) = -b. Let a(r) = -4*k(r) + 9*z(r). Calculate a(s).
5
Let h(r) = r - 7. Let j = 88 - 82. Determine h(j).
-1
Let j(h) = -h**3 + 6*h**2 - 8*h + 7. Let m be 2/(-12) + (-248)/(-48). Calculate j(m).
-8
Let y(c) = c**2 - c - 2. Suppose -2*g + 12 = 4*n, 7*g - 3*g + 15 = 5*n. Determine y(g).
-2
Let f(w) = 3*w**2 - 1 + 1 - w**3 - w. Let t(k) = -2*k + 4. Let v be t(1). Determine f(v).
2
Suppose -4*n - n - 10 = 5*i, -2*n - 3*i - 8 = 0. Suppose -n = 5*o - 12. Let c(t) = -t + 1. Calculate c(o).
-1
Let b(g) = 2 - 1 + g - 3. Let f = 4 - 1. Suppose 4*v = 3*l - 6, -f*l - 2 + 8 = 5*v. What is b(l)?
0
Let y(m) be the first derivative of 6*m - 2*m**2 + 5/3*m**3 + 1/4*m**4 + 10. Give y(-6).
-6
Let p(o) = -2*o - 1. Suppose -r + 0 + 5 = -v, 4*v = -r. Let z = v + 0. Determine p(z).
1
Let m = 7 - 10. Let j be m/18*-3*-10. Let p(r) = r + 3. What is p(j)?
-2
Let t(y) be the third derivative of -y**5/20 - y**4/24 + 2*y**3/3 - 5*y**2. Let u(s) = -s**3 + 7*s**2 + 2*s - 9. Let p(w) = -9*t(w) - 4*u(w). Give p(1).
4
Let b(t) be the first derivative of -2*t - 1/12*t**4 - t**3 - 3 - 3*t**2. Let v(o) be the first derivative of b(o). Determine v(-5).
-1
Let w(l) be the second derivative of -l**5/10 + l**4/12 - l**3/6 + l**2/2 + l. Suppose 14 = 3*d + 11*d. Give w(d).
-1
Let l(p) = p**3 + 5*p**2 - 4*p + 6. Suppose b - 35 = -2*b - 4*t, -2*b + 12 = -3*t. Let z = -15 + b. Calculate l(z).
-6
Let r = -18 - -26. Let g(b) = 1 + 11*b + r*b**2 - 11*b + 3*b**2. Calculate g(1).
12
Suppose 0 = 3*o - 30 + 9. Suppose 0 = 3*n - 2 - o. Let j(p) = 2*p + 2. What is j(n)?
8
Let h(v) = v**3 + 5*v**2 + 4*v + 3. Suppose -18*j + 21*j = 33. Let q = -15 + j. Determine h(q).
3
Let t(n) = n**3 - 6*n**2 + n - 1. Let w(i) = 2*i**3 - 7*i**2 + 2*i - 1. Let x(s) = -3*t(s) + 2*w(s). What is x(-4)?
-3
Let q(j) be the first derivative of 4*j**3/3 - 3*j**2/2 + 24. Let v(h) = 2*h - 4. Let x be v(3). What is q(x)?
10
Let y(l) = l**2 - 3*l - 2. Let n(c) = -c**2 + 7*c - 1. Let f = 4 - -2. Let b be n(f). Calculate y(b).
8
Let s(g) = 4*g + 3 - 6*g + 3*g. Let v(m) = m**2 + 9*m + 4. Let w be v(-8). Calculate s(w).
-1
Suppose -3*g = -2*k - 3 - 5, 4*g - 4*k = 16. Suppose 3*d - 9 + 6 = g. Let f(c) = -8*c + 0*c + d - 1. Give f(-1).
8
Let g be (1 + -10)*(-1)/(-3). Let a(v) = 4*v**2 + 3*v - 3. Give a(g).
24
Let l be 8/(-40) + 22/10. Let u(j) = 3 + 5*j + 0 + 102*j**l - j**3 - 99*j**2. What is u(4)?
7
Let o(f) be the first derivative of -2*f**2 - 1/20*f**5 + 2*f + 1/3*f**4 - 2 + 1/3*f**3. Let b(z) be the first derivative of o(z). Calculate b(4).
4
Let i(y) = y. Let u be (-1)/2*6 + 3. Suppose 0*f + 5*f - 5 = u. Determine i(f).
1
Let c(v) = v**2 + 5*v + 1. Suppose 1 = 6*a + 25. Give c(a).
-3
Let l(x) = 15*x**2 - 4*x + 2. Let y(d) = 8*d**2 - 2*d + 1. Let k(t) = 2*l(t) - 5*y(t). Let v(w) = -w**2 + 6*w - 4. Let j be v(1). Determine k(j).
-9
Suppose -3*a - 27 = -5*h, -4*h = 3*a - 0*h. Let u(k) = -11 - 15 - k + 39 - 12. Calculate u(a).
5
Let g(s) = s**2 - 1. Let k(y) = -2*y**2 + 6*y - 5. Let p(t) = g(t) + k(t). Let c = 1 + 4. Suppose q + 4*o - 4 = 20, -5*q - 5 = -c*o. Calculate p(q).
2
Let y(o) = o + 1. Let r = 7 + -11. Calculate y(r).
-3
Let o(b) = -5*b. Suppose 4*s + 3 - 11 = 0. Suppose 0*n - 6 = -s*n, 0 = 2*t - 5*n + 19. Calculate o(t).
10
Let n(a) be the second derivative of 5/6*a**3 + 0 + 2*a - 1/2*a**4 + 1/20*a**5 - 7/2*a**2. Suppose 3 = 2*m - 7. Calculate n(m).
-7
Let a be 1/4 + 122/(-8). Let w be 5 - (-5)/(a/6). Suppose s + w*n = 19, 4*n - 49 = -4*s - 13. Let d(v) = -v**2 + 6*v - 5. Give d(s).
3
Suppose 8*o - 2 = 7*o. Let y(s) = -2*s**2 + 4*s - 3. Calculate y(o).
-3
Let x(v) be the third derivative of 0 - 1/2*v**3 + 0*v - 2*v**2 + 1/24*v**4. Calculate x(4).
1
Let n(b) be the second derivative of 1/6*b**3 + b**2 + 0 + b. Give n(2).
4
Let k = 29 + -29. Let c(o) = o - 11. Calculate c(k).
-11
Let v(k) = -11*k - 8. Let u(z) = -9*z - 7. Let h(m) = -6*u(m) + 5*v(m). Calculate h(0).
2
Let l(o) be the second derivative of -1/3*o**3 + 2*o**2 - 5/12*o**4 + 2*o + 0 + 1/20*o**5. Calculate l(5).
-6
Let t(n) = 3*n + 0*n + 13 + 0 - 6. Calculate t(-5).
-8
Let w(a) = 7*a**2 - 3*a + 4. Let k(m) = m**2 - m + 1. Let f(y) = 6*k(y) - w(y). Let h(j) = -3*j + 9. Let x be h(4). What is f(x)?
2
Let o(s) = -s**3 - 8*s**2 - 4. Let r(h) = -3*h**3 - 17*h**2 - 9. Let q(c) = 5*o(c) - 2*r(c). Let b be q(6). Let t(u) = -3*u**2 - u + 1. Give t(b).
-9
Let c(u) = -16*u - 4. Let k(g) = 4*g + 1. Let y(f) = -2*c(f) - 9*k(f). Suppose -3*v = -5*o + 18, -4*o = v - 7*o + 10. What is y(v)?
3
Let o(l) = l + 1. Let v be (-46)/5 - 7/(-35). Let m = 8 + v. Determine o(m).
0
Let x be 0 + 0/(-2) - 2. Let b = -1 + x. Let o(n) = 5*n + 57*n**3 - 29*n**3 - 27*n**3 + 5*n**2 + 4. Calculate o(b).
7
Let c(j) = 4*j**2 - 8*j - 1. Let x(v) = 3*v**2 - 7*v. Let w(r) = 4*c(r) - 5*x(r). Suppose 5*q = 3*b - 27, -4*q + 4*b - 4 = -8*q. Calculate w(q).
-4
Let a(l) be the third derivative of l**7/840 - l**6/120 + l**4/8 + l**3/3 + l**2. Let o(t) be the first derivative of a(t). Let i = 12 - 9. Determine o(i).
3
Let g(y) = 13 - 16 - y + 8. Suppose -30 = -6*c + c. Give g(c).
-1
Let y be ((-1)/4)/(3/(-12)). Let w(s) = -y + s**2 - 2*s**2 + 7*s - 2*s - 5. Calculate w(4).
-2
Let p(f) = f - 2 - 2*f**2 + 0*f + 2*f + 0*f - f**3. Determine p(-3).
-2
Let n(v) = -3*v**2 + 1. Let g(k) = -k. Let d(r) = -g(r) + n(r). Calculate d(2).
-9
Let u be 5/10*(1 + -1). Let d = 2 - u. Let n(a) = a**3 - 3*a**2 + 2. Calculate n(d).
-2
Let h(s) = 6*s - 7. Let o(x) = 11*x - 13. Let w(j) = 5*h(j) - 3*o(j). Determine w(3).
-5
Let c(q) be the third derivative of -q**4/2 - q**3/2 - 21*q**2. Calculate c(-2).
21
Suppose -4*k = -23 - 1. Let r(t) be the third derivative of 1/12*t**4 + 0 - 4/3*t**3 + 0*t + t**2. Give r(k).
4
Let q(o) = o**2 + 1. Let p be q(3). Suppose -5*z - 2*s - 2 + 0 = 0, 5*z - p = -5*s. Let j(l) be the first derivative of -l**2 + l - 1. Calculate j(z).
5
Let d(p) = -p**2 + 7. Let a(k) = -1. Let i(h) = 5*a(h) + d(h). Let m(l) = -3*l**3 + l + 1. Let t be 2/8 - 10/8. Let z be m(t). What is i(z)?
-7
Let v(u) = -2*u**2 + 3*u - 3. Suppose 0 = 2*b - 2 - 2. Suppose -8 = 